b = -207 - 1409. Let l = -294 - b. What is the thousands digit of l?
1
Suppose 0 = 9*m - 33421 - 28643. What is the tens digit of m?
9
Let o(y) = 5*y + 204. Let g be o(0). Suppose -5*z = -7*z - g. What is the units digit of 4 + z/30 - (-1204)/10?
1
Suppose -3*l - 40 = 14*a - 15*a, 0 = 3*a + 2*l - 65. Suppose -20*h - 1650 = -a*h. What is the units digit of h?
0
Suppose 18*p - 11*p = 17381. Suppose -2*c - 4*v + 9*v + 2443 = 0, 3*v - p = -2*c. What is the tens digit of c?
3
Suppose 8*z - 5*z - 99288 = -6*z. What is the ten thousands digit of z?
1
Let l be 1 + -2 - 1812/(-12). Let s = l - -925. What is the thousands digit of s?
1
Suppose -2615 = -4*l - 667. Let a = l + -143. What is the hundreds digit of a?
3
Let o be (-553)/(-14) - 2/(-4). Let u be 6/5*o/(-12) - -126. Suppose 5*r = 4*m - u, 5*r + 0*r = -5*m + 130. What is the tens digit of m?
2
Suppose 157*d - 68*d - 78*d = 52250. What is the hundreds digit of d?
7
Suppose 2*m - 158512 = 5*n, 4*n - 45126 - 34104 = -m. What is the hundreds digit of m?
2
Let v(h) = -3*h**3 - 95*h**2 + 17*h + 75. What is the thousands digit of v(-39)?
2
Suppose -20*l + 19*l + 24249 = -5*p, -5*p + 48588 = 2*l. What is the tens digit of l?
7
Let y(k) = 12*k**2 - k + 2. Let x be y(12). Suppose -2*c + 251 + 94 = v, 0 = -5*v - 3*c + x. What is the tens digit of v?
4
Let q(f) = 3*f**2 - 13*f - 6. Let l be q(-8). Suppose -w = -33 - l. What is the hundreds digit of w?
3
Let g = 339 - 66. Let r = -124 + g. Let s = r + -83. What is the units digit of s?
6
Suppose -7*w - 5*z = -4*w - 4, 4*w = -4*z + 8. Suppose -3*c - 2*f + 912 = 0, 5*f = -8*c + w*c + 1520. What is the hundreds digit of c?
3
Let a(n) = -30*n + 28. Let m(r) = -r**3 + 5*r**2 - 18. Let u be m(5). What is the hundreds digit of a(u)?
5
Let c(i) = 1304*i + 13. Let r be c(4). Let h be (11 - 15)*3*-3. What is the units digit of r/h - (-2)/(-8)?
5
Let x(t) be the second derivative of -t**5/10 + t**4/4 + t**3/3 + 13*t**2 - 2*t. Suppose 0 = 3*q - k + 17, -4*q + 4*k = 10 + 26. What is the tens digit of x(q)?
9
Suppose f + 74 = 80. Suppose f = 2*d + 2*z, -5*d + 28 + 3 = -3*z. Suppose -d*m + 2*m = 4*y - 500, -174 = -m - 5*y. What is the hundreds digit of m?
1
Suppose 37 = -5*u + 67, u + 36924 = 2*o. What is the tens digit of o?
6
Suppose -c = 2*h + c - 656, -1310 = -4*h - 2*c. Suppose h = 5*q - 553. Suppose 0 = -5*j - 4*l + q, -l + 38 = j + 3. What is the units digit of j?
6
Let f be (4/(-6))/(56/(-3612)). Suppose 0*s - 10578 = -f*s. What is the units digit of s?
6
Let l = 0 - -21. Let v = 229 + -169. What is the tens digit of (v/l)/(3/42)?
4
Let r be 0/(9 + 3 + -9). Suppose -10*g + 6946 + 5704 = r. What is the hundreds digit of g?
2
Suppose 4*a = 5*c - 1732, 0 = 3*c - 4*c + 3*a + 342. Suppose -2*i + c = 2*f + 2*f, 2*f = 2*i + 168. Let v = -60 + f. What is the tens digit of v?
2
Let f be (2/3)/(8*(-2)/(-552)). Suppose -6*k + f + 7 = 0. Suppose 3*h + 1 = 4*h, k*h = -5*r + 675. What is the hundreds digit of r?
1
Let w = -57 + -23. Let n be 250/3 - (w/(-15) - 5). Suppose 5*i - 638 + n = 0. What is the tens digit of i?
1
Let z = -24 + 28. Suppose 0 = -3*i - 2*c - 44, -3*c + c - 56 = z*i. What is the tens digit of 68/(4 - -14*3/i)?
3
Suppose 22*u + 44473 = y + 32*u, 5*y = -5*u + 222140. What is the units digit of y?
3
Suppose 177*u - 3132176 - 8124139 = 0. What is the ten thousands digit of u?
6
Let j(l) = 3*l - 30. Let a be j(11). Suppose -4*r + 2 = 14, 0 = a*z + 5*r - 1644. What is the units digit of z?
3
What is the units digit of 5/(-2) - -1 - 1443057/(-42)?
7
Suppose 4*a - 4 = -0*a, -l + 86 = 4*a. Let w = l + -71. Suppose 0 = w*x - 0*x - 264. What is the units digit of x?
4
Suppose 4*n + 34*o - 44102 = 33*o, 2*n - 3*o = 22044. What is the ten thousands digit of n?
1
Let f = -5 + 5. Let p(k) = -k**2 - 3*k. Let b be p(f). Suppose b = d - 22 + 10. What is the tens digit of d?
1
Suppose -2*u = 2*m + 3*m + 27, -5*u + 4*m + 15 = 0. Let x be 2/(u + (0 - 0)). What is the tens digit of 0 + x + 261 + 0/6?
5
Suppose k - 13147 = -5*f + 8589, 5*f - 43432 = -2*k. What is the thousands digit of k?
1
Suppose 4*p + 1173*t = 1175*t + 182332, p - 45583 = 4*t. What is the thousands digit of p?
5
Let l(i) = 2*i + 7. Let j be l(-2). Suppose -4*r = j*r - 903. Suppose 13*k - 14*k + r = 0. What is the units digit of k?
9
Suppose 307260 = 5*h - 58*v + 63*v, -4*v = h - 61455. What is the units digit of h?
1
Let u(i) = 60345*i**2 - 18*i - 21. What is the hundreds digit of u(-1)?
3
Let t = -10 + 12. Let l(a) = 3*a**t + 1 + a + 0*a + 9 + 0. What is the tens digit of l(4)?
6
Suppose 12 = 3*w, -4*i + 2*i - 158 = -2*w. What is the units digit of ((-60)/i)/(1 - 1806/1810)?
2
Let j(t) be the second derivative of 0 + 19/6*t**3 - 14*t - 1/12*t**4 - 11*t**2. What is the units digit of j(12)?
2
Let x = 1784 - -4120. What is the units digit of x?
4
Let b = -46199 - -65744. What is the thousands digit of b?
9
Let g(i) = 41*i + 12. Let o be g(24). Suppose -9*x = o - 2670. Suppose 2*a + 0*a - x = 0. What is the tens digit of a?
9
Let x be (6/(-12))/(830/(-832) - -1). What is the units digit of 3092/6 - x/(-156)?
4
Let i(k) = 135*k**2 - 10*k - 338. What is the ten thousands digit of i(-11)?
1
Suppose -12988 = -k - 11*i, -5*k + 3939 = i - 60623. What is the ten thousands digit of k?
1
Suppose 0 = -c + 41 - 34. Let j(b) = 3*b**2 + 3*b + 13. What is the units digit of j(c)?
1
Let n(x) = -x**3 - 10*x**2 + 1. Let b be n(-10). Suppose 14*y + 15 = b. What is the units digit of (-250)/(-8)*y*-4?
5
Let o(f) = -23*f**2 + f - 150. Let r be o(-23). What is the tens digit of 4/((-144)/r) + (-2)/(-9)?
4
Let t(c) = -7*c**2 - 20*c + 1985. Let i be t(59). Suppose 0 = -4*n + q + 33, n - 4*q - 15 = -6*q. What is the hundreds digit of ((-2)/(-2))/(n + i/2619)?
2
Let v(o) = -6*o - 26. Let m(y) = y**3 - 5*y**2 - 13*y - 13. Let i be m(7). Let a be v(i). Suppose 1958 = a*z + z. What is the tens digit of z?
7
Let y be (-6)/(-12) - 27/6 - 1119. Let d = 1670 + y. What is the units digit of d?
7
Suppose 3*k - 13 = 3*n - 4*n, 0 = 3*k - 4*n - 38. Suppose 3*w = 4*y + k*w - 3273, 3*y - 2*w - 2442 = 0. What is the hundreds digit of y?
8
What is the ten thousands digit of -2 - 105/(-28) - (-322110)/24?
1
Let u(o) = -5*o - 29. Let a = -9 - -2. Let t be u(a). What is the units digit of (5 - (-3 - -20))/(t/(-129))?
8
Suppose -4*m + 80 = -2*y, -2*y = -4*m + 2*m + 38. Let t be (-1 - (-9)/2)*72/m. What is the units digit of ((-8)/t)/((-28)/(-12) - 3)?
1
Let x be (-21)/63*-30*(-1 - 0). What is the thousands digit of (-13539)/x + (-4)/(-40)?
1
Suppose 3*c + 1165 = -5*f - 2*c, 2*c + 233 = -f. Let q = f + 564. What is the tens digit of q?
3
Suppose 0 = 4*t - 4*q - 54400, -3*q - 27205 = -6*t + 4*t. What is the tens digit of t?
9
Let b(g) = 89*g**2 + 13*g + 44. Let r be b(-3). Let v = -428 + r. What is the units digit of v?
8
Suppose 2*w - 3*w - 53374 = -4*c, -2*c = w - 26690. Suppose 0 = -2*u - 3*s - 8, 4*s - 5 + 19 = -u. What is the units digit of ((-4)/u)/(-4) + c/64?
9
Suppose 5*s + c = -52, -16 = 2*s - 8*c + 6*c. Let o be 11648/20 - s/(-25). Suppose -4*u + 98 = -o. What is the hundreds digit of u?
1
Suppose -33 + 58 = -5*n. What is the tens digit of ((-99)/(-36))/(n/(-80))?
4
Let n(l) = l**3 + 2*l - 3. Let i be n(3). Let x = -12081 - -12105. Let p = x + i. What is the tens digit of p?
5
Let k = -353 - -232. Let s = k - -137. What is the units digit of (s - 18)*(-125 - 0)?
0
Suppose -34*i = -130875 + 19899. What is the units digit of i?
4
Let f(z) = -514*z + 40. Let x be f(-3). Let g = 2372 - x. What is the tens digit of g?
9
Let o = 4182 + 1553. Suppose o = -85*t + 90*t. What is the thousands digit of t?
1
Suppose 42*x + 49488 = 2*a + 38*x, -7*a + 2*x = -173196. What is the hundreds digit of a?
7
Suppose -2*p + 103 + 43 = 0. Suppose -4*a - p = -393. Suppose 5*l - 5*s - a = 0, l + 4*s = 6*s + 20. What is the tens digit of l?
1
Let j = -14694 - -30146. What is the thousands digit of j?
5
Let j(h) = h**3 + h**2 + 3*h + 6. Let x be j(-2). Let y be (-18)/((-25)/(-30)*x/(-5)). What is the units digit of (1 - 2)/(3/y)?
9
Let q(r) = -2*r + 11. Let s(x) = x - 11. Let z(c) = 3*q(c) + 4*s(c). Let n be z(-3). What is the units digit of (-1 - n) + -8 + 73?
9
Let f(r) = r**3 + 10*r**2 - 7*r - 16. Let z be f(-11). Let b = z + 60. Suppose b = 66*x - 63*x - 51. What is 